0)?
3, 5, 211
Let c(m) = -102*m**3 + 3*m**2 + 80*m + 419. List the prime factors of c(-6).
22079
List the prime factors of (5981/(-3))/(15/(-45)).
5981
Let v(k) = 96*k + 69. Let c be -2 + -5 + 12 - (0 + 0). List the prime factors of v(c).
3, 61
Suppose 5*k - 4070 = -9*h + 4*h, -3*h + 4*k = -2456. Suppose -13*r + 21*r = h. What are the prime factors of r?
2, 3, 17
Suppose -s + 45316 = 5*k, 54374 = 8*k - 2*k - 4*s. What are the prime factors of k?
3, 19, 53
Suppose 160*q = 149*q + 49720. List the prime factors of q.
2, 5, 113
Let t be (21 + -20)/(0 + 1/14). Let x(b) = -b**2 + 40*b + 30. List the prime factors of x(t).
2, 197
Let t(l) = 11*l**2 + l - 147. Let j be t(-16). Suppose -8*s + j = -2339. What are the prime factors of s?
2, 3, 13
Suppose 2*l - 3*k = 52251, -237*k + 240*k = 5*l - 130614. What are the prime factors of l?
3, 8707
Suppose -105*u = -107*u + 168. Suppose -h - u = -528. What are the prime factors of h?
2, 3, 37
List the prime factors of (-60560)/(-9) + (-4)/(-36) + (-4)/(-2).
53, 127
Let o = 71 - 54. Let x = -11 + o. What are the prime factors of 496/10 - x*(-4)/(-40)?
7
Suppose -2463 = 11*s + 2531. Let m = 758 + s. List the prime factors of m.
2, 19
What are the prime factors of (1 + 2)*1 - (-216552)/784*14?
2, 3, 5, 43
Suppose 142*f - 486*f + 5490530 = -8960222. List the prime factors of f.
2, 59, 89
Suppose -4*s - 2 = -2*w, 4*s - 6 = 5*w - 5. What are the prime factors of ((-2343)/3 + -7)*s?
2, 197
Suppose 5*t - 5*q - 20 = 0, 0 = -t - 4*q + 3*q + 6. Let u = -2 - -5. Suppose -2*z + 37 = -2*m - 189, t*z = -u*m + 541. What are the prime factors of z?
2, 5, 11
Suppose 0 = 85*y - 104*y + 40815 + 115840. List the prime factors of y.
5, 17, 97
Let r = -57 - -43. Let z be (-4302)/r + 8/(-28). Suppose -2*d = d - 4*u - z, 3*d - 5*u - 305 = 0. What are the prime factors of d?
3, 5, 7
Let f(p) = -4*p + 4. Let g be 0/(-2)*2/2. Let z be f(g). Let n = z + 83. What are the prime factors of n?
3, 29
Let i be (-5)/(-10)*10 - 758. Let f = i + 1379. List the prime factors of f.
2, 313
Suppose 19*i = 17*i + 4*x + 36984, 55518 = 3*i + x. List the prime factors of i.
2, 3, 257
Suppose 109*o + 71*o - 31*o = 1857434. What are the prime factors of o?
2, 23, 271
Let p(t) = -2*t - 14. Let n be p(-9). Suppose -o + 6*i - 52 = i, -3*o + n*i = 134. What are the prime factors of (-3)/o*-4 + 492/7?
2, 5, 7
Let n(c) = 2*c**2 - 9*c. Let i be n(6). Let x = 141 + i. Suppose -5*z = -x + 19. What are the prime factors of z?
2, 7
Let t be ((-14)/4 + 2)*(-4)/6. Let p be (-157)/(-2)*(0 + t - 3). Let q = p - -334. What are the prime factors of q?
3, 59
Let f = -31465 - -45787. List the prime factors of f.
2, 3, 7, 11, 31
Suppose 0 = -b + 4*c + 1196 + 7068, 0 = 5*b + 3*c - 41366. What are the prime factors of b?
2, 11, 47
Let o(l) = -2*l**3 - 2*l**2 - 5*l - 6. Let w be o(-2). Let y be (4/w)/((-2)/(-348)). Suppose y + 187 = 5*t. List the prime factors of t.
7
Let x(w) = -w**2 - 85*w + 1317. List the prime factors of x(-65).
2617
Let r = 181 + -179. What are the prime factors of (-514)/(r/4*(4 + -8))?
257
Let h(p) = 6*p**2 - 84*p + 168. List the prime factors of h(43).
2, 3, 5, 17
Let a = 37465 - 25029. What are the prime factors of a?
2, 3109
Let s(f) = 20*f**2 + 10*f - 3. Let d be s(4). Let j(y) = -2*y**2 - 7*y - 3. Let q be j(-12). Let c = d + q. List the prime factors of c.
2, 3, 5
Let o(y) = y**3 - 16*y**2 + 17*y - 12. Let a be (0 - 3) + 4 - -8 - -6. List the prime factors of o(a).
2, 3
Let l(m) = -7*m**2 + 7*m - 6. Let w be l(4). Let x(j) = -2*j**2 - 18*j - 201. Let b be x(-10). Let g = w - b. What are the prime factors of g?
131
Suppose -3*x + 97 = d, 2*x + d - 62 = -d. Suppose 2*z = 4*v - 564, v - 2*z = x + 111. What are the prime factors of v + 1 + 4 + -5?
2, 5, 7
Let a(o) = -2*o + 339. Let r(x) = -x - 2. Let u be r(-2). List the prime factors of a(u).
3, 113
Let w(f) = -f**2 + 25*f - 3. Suppose 5*a = m + 108, -5*m + 5 - 20 = 0. List the prime factors of w(a).
3
Suppose -c + 2*k = -353, 2*c - 706 = -24*k + 29*k. Suppose 2*g = 527 + c. What are the prime factors of g?
2, 5, 11
Suppose -34*q + 17376 = -30*q. What are the prime factors of q?
2, 3, 181
Suppose -l - 17 = 5*w, 5*l + 11*w - 15*w = 31. Suppose -l*v + 15 = 0, c = -2*v - 2*v + 260. List the prime factors of c.
2, 3, 5
Suppose 9316 = -26*j + 43*j. Suppose -j - 236 = -7*a. What are the prime factors of a?
2, 7
Suppose 0 = 4*r + 12, -113*r + 108*r = 3*j - 546. List the prime factors of j.
11, 17
Suppose -3*i = 5*a - 10, -23*a - 21 = -22*a - 4*i. What are the prime factors of ((-4437)/27 + 9)/(a/3)?
2, 233
Let l = 183073 - 108510. List the prime factors of l.
173, 431
Suppose 222 - 216 = 2*o. List the prime factors of 1850/(-40)*(-48)/o.
2, 5, 37
Let b(z) = 47*z + 947. What are the prime factors of b(-15)?
2, 11
Suppose 20*j - 82 = -2. Suppose -75 + 7 = -j*s. What are the prime factors of s?
17
Suppose -4*n = -7*n + 13630 - 4435. List the prime factors of n.
5, 613
Let g(v) = 5272*v**3 + 5*v**2 - 7*v + 3. List the prime factors of g(1).
5273
Let m(f) = -f**3 + f**2 + f - 24. Suppose -5*g + 20 = -r + 5, 0 = -4*r - g + 3. Let o be m(r). Let y(v) = -v**2 - 30*v - 1. List the prime factors of y(o).
11, 13
Suppose 4*v + 26622 = 3*l, -l - 2132 + 11016 = -3*v. List the prime factors of l.
2, 11, 13, 31
Suppose r - 2687 = -x + 1977, 23350 = 5*r - x. List the prime factors of r.
7, 23, 29
Let n be 5/(-1)*(-5 + 4). Let d(b) = -28*b**3 - 10 + n*b - b + 12*b**2 + 27*b**3. List the prime factors of d(6).
2, 5, 23
Let m = 55 + -55. Suppose 2*x + q - 652 = m, 5*q - 1617 - 18 = -5*x. List the prime factors of (x/(-26))/((-2)/4)*3.
3, 5
Suppose 74*q - 1012200 = 35*q - 36*q. List the prime factors of q.
2, 7, 241
Suppose c - 5*m = -84, -4*m + 197 = -2*c - c. Let v = c - -62. Suppose 4*t - 2*t + v*w - 211 = 0, 0 = -t + 3*w + 92. What are the prime factors of t?
101
Let b(q) = q**3 + 3*q**2 - 5*q - 3. Let w be b(-4). What are the prime factors of 18391/106*(11 - w)?
5, 347
Suppose -13*v + 2045 = 355. Suppose 0 = -3*m + 2*q + 99, 2*q - 132 = -2*m - 2*m. Let f = v - m. What are the prime factors of f?
97
Let g(x) = -4*x - 1. Let s(v) = 101*v + 167. Let k(o) = 2*g(o) - s(o). List the prime factors of k(-11).
2, 5, 103
Let x = -4025 + 11191. What are the prime factors of x?
2, 3583
Let i = 27335 - 17897. What are the prime factors of i?
2, 3, 11, 13
Let p = 34875 - 21404. What are the prime factors of p?
19, 709
Let b = 17215 + -29993. Let v be b/(-10) - 3*4/(-60). Suppose x = -5*x + v. What are the prime factors of x?
3, 71
Suppose 0*v + z - 18 = -v, 0 = -4*v - 3*z + 67. Let y(q) = q**3 - 11*q**2 - 27*q + 10. Let p be y(v). What are the prime factors of 2 + -76*(2 + p)?
2, 3, 13
Let m(c) be the first derivative of 16*c**2 - 49*c - 82. What are the prime factors of m(11)?
3, 101
Suppose 0 = -3*k + o - 72809 + 272921, 2*k - 5*o - 133421 = 0. List the prime factors of k.
7, 13, 733
Let u be -4*(145/(-2) + -3). What are the prime factors of 2/9 - 57/(-54)*u?
11, 29
Let d(g) = 177*g + 49132. List the prime factors of d(0).
2, 71, 173
Suppose 0 = 4*t - 2142 - 322. Suppose -t = -13*o - 70. Suppose -138 - o = -5*a. What are the prime factors of a?
2, 3
Let c(t) = 39*t**2 - 10*t - 9. Let i be c(-3). Suppose y + i - 1250 = 0. List the prime factors of y.
2, 439
What are the prime factors of (-20)/(3500/105) + 741316/10?
74131
Let m = 30 - -47. Suppose 5*j = -m - 23. List the prime factors of (j + 16)*11/(-2).
2, 11
Let t(c) = -c**3 + 37*c**2 - 146*c + 17. List the prime factors of t(13).
3, 5, 29
Let b = 6253 - 319. What are the prime factors of b?
2, 3, 23, 43
Let r = -30 - -33. Suppose -4*l + 0*l + 133 = r*v, 0 = 2*v - 2*l - 70. Suppose -f = -v - 116. List the prime factors of f.
5, 31
Let g = -128 + 165. Let r = -13 + g. Suppose -781 = 13*u - r*u. What are the prime factors of u?
71
Let r(m) = 219*m**2 - 92*m - 22. What are the prime factors of r(3)?
7, 239
Let s = 512 - 509. Suppose s*t - 688 = -13*t. What are the prime factors of t?
43
Let p be 1*6*(-7)/14. Let w be (-11 - -23)*209/p. What are the prime factors of (w/10)/(-1) - (-20)/50?
2, 3, 7
Suppose -10*z + 2*f = -5*z - 78, 0 = 3*z + 3*f - 30. List the prime factors of ((-39242)/z + -3)*(-1)/2.
23, 61
Suppose 181 = 5*l + 51. Let u = -19 + l. Suppose u*f - 144 = 4*f. List the pr